377062868?
False
Is 371807898 a multiple of 231?
True
Is 272693391 a multiple of 2592?
False
Is 1528770490 a multiple of 4355?
True
Is 322453180 a multiple of 1006?
True
Does 13 divide 390442?
True
Is 6 a factor of 27546970?
False
Is 84 a factor of 9444960?
True
Is 267 a factor of 486118537?
False
Is 656 a factor of 341060960?
True
Is 1119690 a multiple of 45?
True
Does 83 divide 85432199?
False
Is 1656412 a multiple of 264?
False
Is 16550680 a multiple of 36?
False
Is 20 a factor of 435467340?
True
Is 216420976 a multiple of 418?
False
Is 41403052 a multiple of 1786?
True
Is 803 a factor of 7206122?
True
Is 750 a factor of 15490500?
True
Is 1195422375 a multiple of 335?
True
Is 3117790968 a multiple of 903?
False
Is 4106 a factor of 43322406?
True
Is 846 a factor of 168140942?
False
Is 46 a factor of 396109728?
False
Does 21 divide 102150195?
True
Does 826 divide 881613900?
False
Does 104 divide 21413593?
False
Is 23 a factor of 128357452?
False
Does 559 divide 1021000643?
True
Does 2665 divide 242647173?
False
Is 2767 a factor of 760786650?
True
Is 294770536 a multiple of 7748?
False
Is 2890946158 a multiple of 416?
False
Does 64 divide 6536204?
False
Is 6844180 a multiple of 3?
False
Does 3005 divide 4399320?
True
Is 289 a factor of 41387690?
True
Is 315 a factor of 36068760?
True
Is 28 a factor of 12893328?
True
Is 3293550 a multiple of 975?
True
Is 325 a factor of 4309007?
False
Does 5 divide 3108927?
False
Is 25585877 a multiple of 345?
False
Is 2842510 a multiple of 10?
True
Is 2089245197 a multiple of 75?
False
Does 19 divide 126990307?
False
Is 2307528720 a multiple of 684?
True
Does 1461 divide 1902222?
True
Is 208 a factor of 637976560?
True
Is 7 a factor of 4652074?
True
Is 2729 a factor of 2519068946?
True
Does 4 divide 141127164?
True
Is 4842044 a multiple of 3?
False
Is 4741160050 a multiple of 530?
True
Does 18 divide 590345766?
True
Is 510822772 a multiple of 4421?
False
Is 167781522 a multiple of 59?
False
Is 8266860827 a multiple of 19?
False
Does 468 divide 290232540?
True
Is 1652 a factor of 3325025004?
True
Is 9 a factor of 486133479?
True
Is 1318854381 a multiple of 23?
False
Is 49 a factor of 258076581?
True
Does 44 divide 30094136?
False
Is 559443825 a multiple of 25?
True
Is 3969 a factor of 125989847?
False
Is 28660696 a multiple of 376?
False
Is 22 a factor of 18884206?
True
Is 18 a factor of 1517692464?
True
Does 7789 divide 534880173?
False
Is 101236190 a multiple of 170?
True
Does 535 divide 71653085?
True
Is 40 a factor of 605607869?
False
Is 432780587 a multiple of 17?
False
Is 28343542 a multiple of 2009?
False
Does 1057 divide 47066096?
True
Does 6 divide 3401106?
True
Does 654 divide 89012670?
True
Is 1060800 a multiple of 195?
True
Does 21 divide 65889663?
True
Is 198673701 a multiple of 729?
False
Is 4507014 a multiple of 6?
True
Does 582 divide 39737851?
False
Is 4503023610 a multiple of 110?
False
Is 61483700 a multiple of 20?
True
Does 28 divide 410085602?
False
Is 9498 a factor of 3466397519?
False
Is 2019715442 a multiple of 482?
True
Is 4 a factor of 480996727?
False
Is 1702427865 a multiple of 15?
True
Is 145835242 a multiple of 31?
False
Is 38 a factor of 70250969?
False
Does 40 divide 188070524?
False
Is 16784094 a multiple of 249?
True
Is 48613556 a multiple of 241?
True
Is 304 a factor of 1370529280?
True
Is 1612917657 a multiple of 4771?
True
Does 5 divide 1510691?
False
Is 17 a factor of 78712129?
False
Does 9 divide 8521726?
False
Is 11 a factor of 555235194?
False
Is 519 a factor of 79443039?
False
Does 212 divide 275551876?
True
Is 38 a factor of 15379588?
True
Does 31 divide 121414334?
False
Is 30774511 a multiple of 390?
False
Does 6462 divide 1459384542?
True
Is 4 a factor of 11527932?
True
Does 45 divide 13254363?
False
Is 306441120 a multiple of 60?
True
Does 505 divide 178866643?
False
Is 255029874 a multiple of 259?
False
Is 534 a factor of 112504188?
True
Does 93 divide 26711553?
True
Is 6151481375 a multiple of 14?
False
Is 283 a factor of 2042012793?
False
Is 46490374 a multiple of 796?
False
Is 983 a factor of 8184458?
True
Does 29 divide 54036358?
False
Does 4220 divide 2903733027?
False
Is 287403228 a multiple of 36?
True
Does 534 divide 391115119?
False
Does 13 divide 167259677?
True
Does 8239 divide 923756680?
True
Does 22 divide 86612988?
True
Is 7 a factor of 178257758?
True
Is 3291409 a multiple of 37?
True
Is 4618987 a multiple of 6?
False
Is 57357025 a multiple of 41?
False
Is 2484972 a multiple of 3591?
True
Is 272 a factor of 23076342?
False
Is 87 a factor of 2554645562?
False
Is 239432440 a multiple of 13?
True
Is 59408778 a multiple of 6?
True
Is 1003833 a multiple of 17?
True
Is 25246590 a multiple of 9?
False
Does 656 divide 188903064?
False
Is 221 a factor of 142035007?
False
Is 11484000 a multiple of 136?
False
Is 21022782 a multiple of 36?
False
Is 305329351 a multiple of 29?
False
Does 13 divide 216074638?
True
Is 9 a factor of 1354726748?
False
Is 22683937 a multiple of 484?
False
Is 279308520 a multiple of 963?
True
Does 357 divide 48640035?
False
Does 119 divide 20469609?
False
Is 100 a factor of 1155130253?
False
Is 2345 a factor of 12656338?
False
Is 2767437140 a multiple of 85?
True
Is 3311308 a multiple of 128?
False
Is 100 a factor of 77425400?
True
Is 15 a factor of 67959278?
False
Does 26 divide 56331496?
True
Is 60 a factor of 8173298?
False
Does 305 divide 738650830?
True
Does 28 divide 5476912?
True
Is 341003851 a multiple of 848?
False
Does 543 divide 227588676?
True
Does 17 divide 507182529?
False
Is 2112 a factor of 20524627?
False
Does 11477 divide 1689161906?
True
Does 85 divide 92540516?
False
Is 442864657 a multiple of 1283?
True
Is 222276938 a multiple of 17?
True
Is 2155 a factor of 98881954?
False
Does 20 divide 2047508?
False
Is 33637954 a multiple of 14?
True
Is 220883625 a multiple of 1125?
True
Does 320 divide 282476160?
True
Is 1465 a factor of 104228890?
True
Does 68 divide 427479393?
False
Does 970 divide 419139723?
False
Is 95474655 a multiple of 1554?
False
Is 38013858 a multiple of 178?
True
Is 1172 a factor of 42756550?
False
Is 455 a factor of 35309184?
False
Is 336 a factor of 532669200?
True
Is 36367140 a multiple of 114?
True
Is 448 a factor of 102472279?
False
Does 4847 divide 76530726?
False
Does 130 divide 984806792?
False
Is 3 a factor of 2521778?
False
Is 468858094 a multiple of 485?
False
Is 566922204 a multiple of 113?
False
Is 54 a factor of 14461470?
True
Does 719 divide 603586120?
True
Is 225995553 a multiple of 320?
False
Does 4 divide 1359887?
False
Does 1110 divide 501444150?
False
Is 14745187 a multiple of 9?
False
Is 21 a factor of 403364493?
True
Is 73 a factor of 276339708?
False
Is 37805306 a multiple of 22?
True
Is 77 a factor of 2269894550?
True
Does 457 divide 3235865?
False
Is 30161788 a multiple of 13?
False
Does 11 divide 469761875?
True
Is 520 a factor of 76521224?
False
Is 333 a factor of 274602029?
False
Is 14 a factor of 9844384?
False
Does 55 divide 1122006189?
False
Is 674 a factor of 45227422?
True
Is 8695504 a multiple of 16?
True
Is 19 a factor of 33151114?
False
Is 68945754 a multiple of 1606?
False
Is 896 a factor of 5879789?
False
Does 754 divide 18202693?
False
Is 266601536 a multiple of 29?
False
Is 2058 a factor of 346416390?
False
Does 620 divide 36532778?
False
Is 23299893 a multiple of 40?
False
Is 2383 a factor of 3707600082?
True
Is 147 a factor of 164677632?
True
Is 29122279 even?
False
Does 98 divide 264852607?
False
Is 213602061 a multiple of 7377?
False
Does 433 divide 360025574?
False
Is 828122904 a multiple of 12?
True
Does 838 divide 9109905?
False
Is 118 a factor of 47598368?
True
Is 45309520 a multiple of 14?
False
Is 95026512 a multiple of 112?
True
Does 5 divide 78830109?
False
Is 58846192 a multiple of 113?
False
Does 119 divide 147215302?
False
Does 1857 divide 4683495132?
True
Does 137 divide 29616272?
False
Is 44 a factor of 17594300?
False
Is 663 a factor of 57983991?
True
Is 217 a factor of 141293362?
False
Does 9 divide 83555323?
False
Is 16 a factor of 100297509?
False
Is 4838968 a multiple of 13?
False
Is 325 a factor of 625702740?
False
Is 3926596930 a multiple of 8105?
True
Is 4810951540 a multiple of 1874?
True
Is 300614751 a multiple of 120?
False
Is 2